{"id":4348,"date":"2016-11-23T22:51:05","date_gmt":"2016-11-23T21:51:05","guid":{"rendered":"http:\/\/www.pickoff.ch\/hc-neftenbach\/?product=polo-shirt-focus-3"},"modified":"2016-12-23T09:24:41","modified_gmt":"2016-12-23T08:24:41","slug":"polo-shirt-focus-kinder","status":"publish","type":"product","link":"https:\/\/www.pickoff.ch\/hc-neftenbach\/produkt\/polo-shirt-focus-kinder\/","title":{"rendered":"Polo-Shirt FOCUS"},"content":{"rendered":"<p>Sportiv, dynamisch und funktionell \u00fcberzeugt die gpard-Teamline FOCUS. Perfekte Verarbeitung aus hochwertigen Materialien, sowie athletische Schnittf\u00fchrung. Jacken und Hosen sind einzeln erh\u00e4ltlich.<\/p>\n","protected":false},"excerpt":{"rendered":"<p>Trageangenehmes und hochwertiges Funktionsmaterial. Spezielle Ausr\u00fcstung f\u00fcr direkten Feuchtigkeitstransport nach aussen. Formstabil und schnelltrocknend.<\/p>\n<p>Aktiv-Jacquard: 100% Polyester<\/p>\n","protected":false},"featured_media":4507,"comment_status":"open","ping_status":"closed","template":"","meta":[],"_links":{"self":[{"href":"https:\/\/www.pickoff.ch\/hc-neftenbach\/wp-json\/wp\/v2\/product\/4348"}],"collection":[{"href":"https:\/\/www.pickoff.ch\/hc-neftenbach\/wp-json\/wp\/v2\/product"}],"about":[{"href":"https:\/\/www.pickoff.ch\/hc-neftenbach\/wp-json\/wp\/v2\/types\/product"}],"replies":[{"embeddable":true,"href":"https:\/\/www.pickoff.ch\/hc-neftenbach\/wp-json\/wp\/v2\/comments?post=4348"}],"wp:featuredmedia":[{"embeddable":true,"href":"https:\/\/www.pickoff.ch\/hc-neftenbach\/wp-json\/wp\/v2\/media\/4507"}],"wp:attachment":[{"href":"https:\/\/www.pickoff.ch\/hc-neftenbach\/wp-json\/wp\/v2\/media?parent=4348"}],"curies":[{"name":"wp","href":"https:\/\/api.w.org\/{rel}","templated":true}]}}