{"id":18,"date":"2014-09-03T09:04:47","date_gmt":"2014-09-03T09:04:47","guid":{"rendered":"http:\/\/www.pickoff.ch\/fckreuzlingen\/\/?page_id=18"},"modified":"2014-09-03T09:04:47","modified_gmt":"2014-09-03T09:04:47","slug":"faqs","status":"publish","type":"page","link":"https:\/\/www.pickoff.ch\/sc-zurzach\/faqs\/","title":{"rendered":"Retouren \u2013 FAQ"},"content":{"rendered":"<p>[vc_row][vc_column width=&#8220;1\/1&#8243;]\n\n\n<div id=\"faqs-container\">\n    \n        <div class=\"faq-wrapper all \">\n            <div class=\"faq-title\">\n                <span class=\"faq-icon entypo plus\"><\/span>\n                <h4>Retourenformular<\/h4>\n            <\/div>\n            <div class=\"faq-item\">\n                <div class=\"faq-item-content\">\n                    <p><a href=\"http:\/\/www.pickoff.ch\/wp-content\/uploads\/formular\/Retourenformular.pdf\" target=\"_blank\">Retourenformular herunterladen<\/a><\/p>\n                <\/div>\n            <\/div>\n        <\/div>\n\n    \n        <div class=\"faq-wrapper all \">\n            <div class=\"faq-title\">\n                <span class=\"faq-icon entypo plus\"><\/span>\n                <h4>Wie kann ich Cookies deaktivieren oder l\u00f6schen?<\/h4>\n            <\/div>\n            <div class=\"faq-item\">\n                <div class=\"faq-item-content\">\n                    <p>Die meisten Webbrowser akzeptieren Cookies automatisch. Sie k\u00f6nnen die Einstellungen Ihres Browsers jedoch \u00e4ndern, um dies zu vermeiden.<\/p>\n                <\/div>\n            <\/div>\n        <\/div>\n\n    \n        <div class=\"faq-wrapper all \">\n            <div class=\"faq-title\">\n                <span class=\"faq-icon entypo plus\"><\/span>\n                <h4>Was sind Cookies?<\/h4>\n            <\/div>\n            <div class=\"faq-item\">\n                <div class=\"faq-item-content\">\n                    <p>Diese Website benutzt Google Analytics, einen Webanalysedienst der Google Inc. (&#8222;Google&#8220;). Google Analytics verwendet sog. &#8222;Cookies&#8220;, Textdateien, die auf Ihrem Computer gespeichert werden und die eine Analyse der Benutzung der Website durch Sie erm\u00f6glichen. Die durch den Cookie erzeugten Informationen \u00fcber Ihre Benutzung dieser Website (einschliesslich Ihrer IP-Adresse) werden an einen Server von Google in den USA \u00fcbertragen und dort gespeichert.<\/p>\n<p>Die meisten der von uns verwendeten Cookies werden nach dem Ende der Browser-Sitzung wieder von Ihrer Festplatte gel\u00f6scht (sog. Sitzungscookies). Andere Cookies verbleiben auf Ihrem Rechner und erm\u00f6glichen es uns, Ihren Rechner bei Ihrem n\u00e4chsten Besuch wieder zu erkennen (sog. dauerhafte Cookies). Unseren Partnerunternehmen ist es nicht gestattet, \u00fcber unsere Website personenbezogene Daten mittels Cookies zu erheben, zu verarbeiten oder zu nutzen. Google wird diese Informationen benutzen, um Ihre Nutzung der Website auszuwerten, um Reports \u00fcber die Websiteaktivit\u00e4ten f\u00fcr die Websitebetreiber zusammenzustellen und um weitere mit der Websitenutzung und der Internetnutzung verbundene Dienstleistungen zu erbringen. Auch wird Google diese Informationen gegebenenfalls an Dritte \u00fcbertragen, sofern dies gesetzlich vorgeschrieben oder soweit Dritte diese Daten im Auftrag von Google verarbeiten. Google wird in keinem Fall Ihre IP-Adresse mit anderen Daten von Google in Verbindung bringen. Sie k\u00f6nnen die Installation der Cookies durch eine entsprechende Einstellung Ihrer Browsersoftware verhindern; wir weisen Sie jedoch darauf hin, dass Sie in diesem Fall gegebenenfalls nicht s\u00e4mtliche Funktionen dieser Website vollumf\u00e4nglich nutzen k\u00f6nnen. Durch die Nutzung dieser Website erkl\u00e4ren Sie sich mit der Bearbeitung der \u00fcber Sie erhobenen Daten durch Google in der zuvor beschriebenen Art und Weise und zu dem zuvor benannten Zweck einverstanden.<\/p>\n                <\/div>\n            <\/div>\n        <\/div>\n\n    \n        <div class=\"faq-wrapper all \">\n            <div class=\"faq-title\">\n                <span class=\"faq-icon entypo plus\"><\/span>\n                <h4>Welche Informationen werden von mir weitergegeben?<\/h4>\n            <\/div>\n            <div class=\"faq-item\">\n                <div class=\"faq-item-content\">\n                    <p>Ihre pers\u00f6nlichen Daten werden von uns grunds\u00e4tzlich nicht an Dritte weiter gegeben. Eine Ausnahme gilt die Weitervermittlung Ihrer Daten an das Versandunternehmen, das wir mit der Lieferung der von Ihnen bestellten Ware beauftragen. Zur Abwicklung von Zahlungen geben wir Ihre Daten ausserdem an das mit der Zahlung beauftragte Kreditinstitut weiter.<\/p>\n<p>Haben Sie sich f\u00fcr den Newsletter angemeldet oder ein Online Shop Konto erstellt, werden die daf\u00fcr notwendigen personenbezogenen Daten an den beauftragten externen Kundendatenbankbetreiber \u00fcbermittelt und gespeichert.<\/p>\n                <\/div>\n            <\/div>\n        <\/div>\n\n    <\/div>[\/vc_column][\/vc_row]<\/p>\n","protected":false},"excerpt":{"rendered":"<p>[vc_row][vc_column width=&#8220;1\/1&#8243;][\/vc_column][\/vc_row]<\/p>\n","protected":false},"author":2,"featured_media":0,"parent":0,"menu_order":0,"comment_status":"closed","ping_status":"closed","template":"","meta":{"footnotes":""},"_links":{"self":[{"href":"https:\/\/www.pickoff.ch\/sc-zurzach\/wp-json\/wp\/v2\/pages\/18"}],"collection":[{"href":"https:\/\/www.pickoff.ch\/sc-zurzach\/wp-json\/wp\/v2\/pages"}],"about":[{"href":"https:\/\/www.pickoff.ch\/sc-zurzach\/wp-json\/wp\/v2\/types\/page"}],"author":[{"embeddable":true,"href":"https:\/\/www.pickoff.ch\/sc-zurzach\/wp-json\/wp\/v2\/users\/2"}],"replies":[{"embeddable":true,"href":"https:\/\/www.pickoff.ch\/sc-zurzach\/wp-json\/wp\/v2\/comments?post=18"}],"version-history":[{"count":0,"href":"https:\/\/www.pickoff.ch\/sc-zurzach\/wp-json\/wp\/v2\/pages\/18\/revisions"}],"wp:attachment":[{"href":"https:\/\/www.pickoff.ch\/sc-zurzach\/wp-json\/wp\/v2\/media?parent=18"}],"curies":[{"name":"wp","href":"https:\/\/api.w.org\/{rel}","templated":true}]}}